{"id":84,"date":"2016-05-17T18:20:48","date_gmt":"2016-05-17T16:20:48","guid":{"rendered":"http:\/\/wordpress.renzuscars.de\/?page_id=84"},"modified":"2021-01-19T19:34:53","modified_gmt":"2021-01-19T18:34:53","slug":"racing","status":"publish","type":"page","link":"https:\/\/www.reichel-sportwagen.de\/index.php\/racing\/","title":{"rendered":"Racing"},"content":{"rendered":"\n<p>Der\u00a0Jaguar XJ220\u00a0ist seit seinem Erscheinen 1992 ein Technologietr\u00e4ger der seines Gleichen sucht. Bis heute verk\u00f6rpert er den Mythos\u00a0des Saturday Club unter der Leitung von\u00a0Jim Randle\u00a0wieder. Bis zum heutigen Tag sind seine Fahrleistungen nahezu ungeschlagen und seine Technik \u00fcberw\u00e4ltigend. Wir, die Firma Reichel-Racing mit Sitz in N\u00fcrnberg, m\u00f6chten das alle Besitzer eines\u00a0XJ220 jederzeit ihr Fahrzeug auf \u00f6ffentlichen Stra\u00dfen bewegen k\u00f6nnen, ohne Kompromisse machen zu m\u00fcssen. Wir haben uns auf den Service und die Modifizierung dieser seltenen Boliden spezialisiert. An unseren Kundenfahrzeugen arbeiten nur anerkannte Ingenieure und Mechaniker aus dem Motorsport.<\/p>\n\n\n\n<figure class=\"wp-block-gallery columns-3 is-cropped wp-block-gallery-1 is-layout-flex wp-block-gallery-is-layout-flex\"><ul class=\"blocks-gallery-grid\"><li class=\"blocks-gallery-item\"><figure><img loading=\"lazy\" decoding=\"async\" width=\"300\" height=\"311\" src=\"https:\/\/www.reichel-classics.de\/wp-content\/uploads\/2021\/01\/racing01.jpg\" alt=\"\" data-id=\"459\" data-full-url=\"https:\/\/www.reichel-classics.de\/wp-content\/uploads\/2021\/01\/racing01.jpg\" data-link=\"https:\/\/www.reichel-classics.de\/index.php\/racing\/racing01\/\" class=\"wp-image-459\" srcset=\"https:\/\/www.reichel-sportwagen.de\/wp-content\/uploads\/2021\/01\/racing01.jpg 300w, https:\/\/www.reichel-sportwagen.de\/wp-content\/uploads\/2021\/01\/racing01-289x300.jpg 289w, https:\/\/www.reichel-sportwagen.de\/wp-content\/uploads\/2021\/01\/racing01-145x150.jpg 145w\" sizes=\"auto, (max-width: 300px) 100vw, 300px\" \/><\/figure><\/li><li class=\"blocks-gallery-item\"><figure><img loading=\"lazy\" decoding=\"async\" width=\"960\" height=\"720\" src=\"https:\/\/www.reichel-classics.de\/wp-content\/uploads\/2021\/01\/racing02.jpg\" alt=\"\" data-id=\"460\" data-full-url=\"https:\/\/www.reichel-classics.de\/wp-content\/uploads\/2021\/01\/racing02.jpg\" data-link=\"https:\/\/www.reichel-classics.de\/index.php\/racing\/racing02\/\" class=\"wp-image-460\" srcset=\"https:\/\/www.reichel-sportwagen.de\/wp-content\/uploads\/2021\/01\/racing02.jpg 960w, https:\/\/www.reichel-sportwagen.de\/wp-content\/uploads\/2021\/01\/racing02-300x225.jpg 300w, https:\/\/www.reichel-sportwagen.de\/wp-content\/uploads\/2021\/01\/racing02-768x576.jpg 768w, https:\/\/www.reichel-sportwagen.de\/wp-content\/uploads\/2021\/01\/racing02-150x113.jpg 150w\" sizes=\"auto, (max-width: 960px) 100vw, 960px\" \/><\/figure><\/li><li class=\"blocks-gallery-item\"><figure><img loading=\"lazy\" decoding=\"async\" width=\"300\" height=\"311\" src=\"https:\/\/www.reichel-classics.de\/wp-content\/uploads\/2021\/01\/Leistung04-1.jpg\" alt=\"\" data-id=\"448\" data-full-url=\"https:\/\/www.reichel-classics.de\/wp-content\/uploads\/2021\/01\/Leistung04-1.jpg\" data-link=\"https:\/\/www.reichel-classics.de\/leistung04-2\/\" class=\"wp-image-448\" srcset=\"https:\/\/www.reichel-sportwagen.de\/wp-content\/uploads\/2021\/01\/Leistung04-1.jpg 300w, https:\/\/www.reichel-sportwagen.de\/wp-content\/uploads\/2021\/01\/Leistung04-1-289x300.jpg 289w, https:\/\/www.reichel-sportwagen.de\/wp-content\/uploads\/2021\/01\/Leistung04-1-145x150.jpg 145w\" sizes=\"auto, (max-width: 300px) 100vw, 300px\" \/><\/figure><\/li><\/ul><\/figure>\n\n\n\n<p>Der Jaguar&nbsp;XJ220 wurde von 1992 bis 1994&nbsp;nur 284 mal&nbsp;produziert und ist daher f\u00fcr Sammler auf der ganzen Welt ein ganz besonders interessantes Fahrzeug. Wir m\u00f6chten das dieser Mythos erhalten bleibt und bieten daher einen \u201e24-Stunden-Weltweit-Service\u201c an.<\/p>\n\n\n\n<p><strong>Unsere Dienstleistungen hierf\u00fcr sind:<br><\/strong>\u2022 Modifizierung Ihres Jaguar XJ220<br>\u2022 24-Stunden-Weltweit-Service<br>\u2022 Ersatzteilversorgung f\u00fcr Ihren Jaguar XJ220<br>\u2022 Fahrzeugbewertungen Ihres Wunschfahrzeuges<br>\u2022 Verkauf Ihres Jaguar XJ220<br>\u2022 24-Stunden-Notruf<br>\u2022 Fahrzeugeinlagerung<\/p>\n\n\n\n<p><strong>Wir bieten Ihnen an:<\/strong><br>\u2022 Sie bringen Ihr Fahrzeug direkt zu uns<br>\u2022 Hol- und Bringservice auf Wunsch<br>\u2022 Wir kommen direkt zu Ihnen \u2013 wenn n\u00f6tig auch binnen 24 Stunden<\/p>\n\n\n\n<p>Wir haben einen gro\u00dfen Kundenstamm an\u00a0Jaguar XJ220\u00a0Besitzern und k\u00f6nnen Sie mit unserem Fachwissen weltweit unterst\u00fctzen. Wir sind heute in der Lage\u00a0XJ220 Fahrzeuge mit aktuellen Updates zu versehen und auf bis zu 700 PS zu modifizieren.<br>Auch k\u00f6nnen wir Ihnen eine komplett neue Volllederausstattung oder ein Innovationspaket mit MP3-Player, iPod, ausfahrbaren Navigationsbildschirm und R\u00fcckfahrkamera verbauen. Im Innenraum Ihres\u00a0XJ220 k\u00f6nnen wir Ihnen auch auf Wunsch ein Kohlefaser- Interieur verbauen.<\/p>\n\n\n\n<p>Nur wenige auf der Welt haben sich dem Mythos&nbsp;Jaguar XJ220&nbsp;angenommen. Wir sind die einzigen weltweit die in der Lage sind, Ihr Fahrzeug auf dem h\u00f6chsten Stand zu erhalten.<br>Diskretion und Perfektion sind unser oberstes Gebot.<br>Unsere Dienstleistungen rund um Ihren&nbsp;XJ220 bieten wir Ihnen zu fairen Konditionen an, denn nur ein zufriedener Kunde kann und wird uns weiterempfehlen.<\/p>\n\n\n\n<p><strong><br>Das alles haben wir uns zum Ziel gemacht!<\/strong><\/p>\n","protected":false},"excerpt":{"rendered":"<p>Der\u00a0Jaguar XJ220\u00a0ist seit seinem Erscheinen 1992 ein Technologietr\u00e4ger der seines Gleichen sucht. Bis heute verk\u00f6rpert er den Mythos\u00a0des Saturday Club unter der Leitung von\u00a0Jim Randle\u00a0wieder. Bis zum heutigen Tag sind seine Fahrleistungen nahezu ungeschlagen und seine Technik \u00fcberw\u00e4ltigend. Wir, die Firma Reichel-Racing mit Sitz in N\u00fcrnberg, m\u00f6chten das alle Besitzer\u2026<\/p>\n<p> <a class=\"continue-reading-link\" href=\"https:\/\/www.reichel-sportwagen.de\/index.php\/racing\/\"><span>Continue reading<\/span><i class=\"crycon-right-dir\"><\/i><\/a> <\/p>\n","protected":false},"author":1,"featured_media":0,"parent":0,"menu_order":0,"comment_status":"closed","ping_status":"closed","template":"","meta":{"footnotes":""},"class_list":["post-84","page","type-page","status-publish","hentry"],"_links":{"self":[{"href":"https:\/\/www.reichel-sportwagen.de\/index.php\/wp-json\/wp\/v2\/pages\/84","targetHints":{"allow":["GET"]}}],"collection":[{"href":"https:\/\/www.reichel-sportwagen.de\/index.php\/wp-json\/wp\/v2\/pages"}],"about":[{"href":"https:\/\/www.reichel-sportwagen.de\/index.php\/wp-json\/wp\/v2\/types\/page"}],"author":[{"embeddable":true,"href":"https:\/\/www.reichel-sportwagen.de\/index.php\/wp-json\/wp\/v2\/users\/1"}],"replies":[{"embeddable":true,"href":"https:\/\/www.reichel-sportwagen.de\/index.php\/wp-json\/wp\/v2\/comments?post=84"}],"version-history":[{"count":6,"href":"https:\/\/www.reichel-sportwagen.de\/index.php\/wp-json\/wp\/v2\/pages\/84\/revisions"}],"predecessor-version":[{"id":461,"href":"https:\/\/www.reichel-sportwagen.de\/index.php\/wp-json\/wp\/v2\/pages\/84\/revisions\/461"}],"wp:attachment":[{"href":"https:\/\/www.reichel-sportwagen.de\/index.php\/wp-json\/wp\/v2\/media?parent=84"}],"curies":[{"name":"wp","href":"https:\/\/api.w.org\/{rel}","templated":true}]}}